In base 3, what is 1101 - -101?
1202
In base 8, what is -1 - 526?
-527
In base 7, what is -33 + -152?
-215
In base 4, what is -1120 - -1?
-1113
In base 13, what is -60 - 0?
-60
In base 13, what is -3 + 5b?
58
In base 16, what is 5 - -26?
2b
In base 10, what is 5 + -150?
-145
In base 9, what is -6 + -114?
-121
In base 13, what is -5 + -171?
-176
In base 2, what is 10 - -100111100?
100111110
In base 15, what is 9 + 283?
28c
In base 4, what is -10 - -1130?
1120
In base 10, what is -19 - 31?
-50
In base 16, what is 155 - -16?
16b
In base 7, what is -1 + -65?
-66
In base 5, what is -4 + 232?
223
In base 10, what is -1 + 288?
287
In base 8, what is -74 - 10?
-104
In base 12, what is -5 + -b0?
-b5
In base 16, what is 3 + -c6?
-c3
In base 2, what is 1111001110 + 0?
1111001110
In base 6, what is -2320 + 3?
-2313
In base 6, what is -340 - 1?
-341
In base 13, what is -4ba - 2?
-4bc
In base 3, what is 210222 + 220?
211212
In base 9, what is 0 + 3376?
3376
In base 3, what is -121 + -121?
-1012
In base 4, what is -10 - -1210000?
1203330
In base 16, what is 4 + 40?
44
In base 15, what is 140 - -4?
144
In base 15, what is -46 + -5?
-4b
In base 9, what is -2 - 6566?
-6568
In base 16, what is f + 1fe?
20d
In base 2, what is 100000101 + 10000?
100010101
In base 6, what is -231 + 1?
-230
In base 2, what is -100 - 100011100?
-100100000
In base 6, what is -1023 - 1?
-1024
In base 16, what is -4 - 24?
-28
In base 16, what is -8d - d?
-9a
In base 14, what is -680 - 6?
-686
In base 14, what is 4 + 38?
3c
In base 14, what is -19 + 133?
118
In base 2, what is -1010101 + -1111?
-1100100
In base 8, what is 0 - 14?
-14
In base 12, what is -5 + 253?
24a
In base 8, what is -15 - 5?
-22
In base 8, what is 4006 + 5?
4013
In base 10, what is -45 - 4?
-49
In base 15, what is 3d - -27?
65
In base 14, what is 2 + -3b4?
-3b2
In base 13, what is 1bc0 + -4?
1bb9
In base 10, what is -1 + -2183?
-2184
In base 14, what is -1d + 93?
74
In base 10, what is 20 + 4?
24
In base 6, what is -4 + 30403?
30355
In base 15, what is 26b + 2?
26d
In base 6, what is -20 - 12?
-32
In base 16, what is 6b4 - 0?
6b4
In base 2, what is 110001000 - 1010?
101111110
In base 5, what is -101 + 14?
-32
In base 9, what is 626 + -5?
621
In base 2, what is -11000010 + -11?
-11000101
In base 8, what is -115 - -5?
-110
In base 15, what is 5d2 + 0?
5d2
In base 13, what is -13 + -a?
-20
In base 3, what is -10022 + -10?
-10102
In base 5, what is 14433 - -10?
14443
In base 15, what is -3 - -6?
3
In base 16, what is -1cc + 2?
-1ca
In base 8, what is 210 - 6?
202
In base 16, what is 5 + -14?
-f
In base 13, what is -48 - -19?
-2c
In base 4, what is -11 + 10133?
10122
In base 9, what is 83 - 8?
74
In base 8, what is -25 + -366?
-413
In base 2, what is -1100 - 11010?
-100110
In base 9, what is -76248 + 0?
-76248
In base 13, what is 3c + -5?
37
In base 10, what is 5 + -3390?
-3385
In base 7, what is 11 - -20?
31
In base 7, what is 532 + -4?
525
In base 11, what is -1905 + 2?
-1903
In base 6, what is -4 + -1?
-5
In base 13, what is -58 - -4?
-54
In base 9, what is 13 - 124?
-111
In base 9, what is -17 - 56?
-74
In base 9, what is 2 + 64?
66
In base 8, what is -2174 - -3?
-2171
In base 14, what is 3 - 1c?
-19
In base 16, what is 13a + 0?
13a
In base 8, what is -1724 - -1?
-1723
In base 5, what is 3431 + 14?
4000
In base 7, what is 25 + 10?
35
In base 16, what is 81a - 2?
818
In base 4, what is 20 + -320?
-300
In base 10, what is 6 + -355?
-349
In base 10, what is -6 + 686?
680
In base 10, what is 19 - -7?
26
In base 2, what is 10000100100 - 1001?
10000011011
In base 7, what is -6503 + 5?
-6465
In base 16, what is 3 + 886?
889
In base 4, what is -12 - -13?
1
In base 6, what is 3 + 105?
112
In base 10, what is -865 + 3?
-862
In base 14, what is 4 + 19c?
1a2
In base 8, what is -244 + -5?
-251
In base 14, what is -468 + -4?
-46c
In base 7, what is -301 + 0?
-301
In base 9, what is -21 + -4?
-25
In base 8, what is 336 + -1?
335
In base 4, what is 110 - 12331?
-12221
In base 4, what is 1010 + -12?
332
In base 10, what is -11 + 7?
-4
In base 14, what is 1 + -11b?
-11a
In base 12, what is 0 + -27?
-27
In base 8, what is -1 - -122?
121
In base 7, what is -5 - -6515?
6510
In base 16, what is 114 + -5?
10f
In base 8, what is -60 - -20?
-40
In base 9, what is 8201 + -2?
8188
In base 14, what is 88 - -8?
92
In base 7, what is -13 - 4?
-20
In base 12, what is 1 - -384?
385
In base 3, what is -110121 + 11?
-110110
In base 3, what is 10 + -1011?
-1001
In base 7, what is 11063 + 3?
11066
In base 13, what is -5 + -a9?
-b1
In base 5, what is 10 - -204?
214
In base 15, what is 6 - -15c?
163
In base 12, what is 2 - -222?
224
In base 12, what is 17a + -4?
176
In base 12, what is 286 - 4?
282
In base 15, what is -9 - -59?
50
In base 3, what is -2 + -20212?
-20221
In base 11, what is -12721 - 3?
-12724
In base 8, what is 233 - -3?
236
In base 14, what is -3134 - -1?
-3133
In base 3, what is 211100212 + -2?
211100210
In base 4, what is -3302 - 10?
-3312
In base 16, what is -1ab - 5?
-1b0
In base 4, what is 313 - 22?
231
In base 12, what is -48 - 4?
-50
In base 9, what is 5 - 5765?
-5760
In base 3, what is 110 - -22201?
100011
In base 14, what is -555 + -4?
-559
In base 8, what is 11 - -377?
410
In base 14, what is 2 - -3?
5
In base 2, what is 101 + -110100?
-101111
In base 16, what is 75 - -2?
77
In base 7, what is 32 + 0?
32
In base 3, what is 22201 - 1?
22200
In base 3, what is 120 + 20212?
21102
In base 6, what is -10 + -43?
-53
In base 4, what is -10 - 101030?
-101100
In base 2, what is -11000 - -1000?
-10000
In base 16, what is 4607 - 3?
4604
In base 14, what is -505 - 1?
-506
In base 5, what is -114 + 2?
-112
In base 16, what is -12 + 23?
11
In base 13, what is 34 + -5?
2c
In base 4, what is -1000130 - 0?
-1000130
In base 3, what is 10 + 2220?
10000
In base 5, what is -33 + -130?
-213
In base 14, what is -816 - -4?
-812
In base 7, what is 2 + 240?
242
In base 7, what is 105 + -20?
55
In base 10, what is 161 - -24?
185
In base 8, what is 120 + 0?
120
In base 13, what is 29 + -c?
1a
In base 15, what is 2 - 2201?
-21ee
In base 12, what is 422 + -1?
421
In base 12, what is -50b - 1?
-510
In base 5, what is 410 - -3?
413
In base 9, what is -525 + 1?
-524
In base 16, what is -2 + 1d?
1b
In base 4, what is 11 + 120323?
121000
In base 10, what is 805 - 3?
802
In base 2, what is -1 + -10100100?
-10100101
In base 4, what is -123012 - 3?
-123021
In base 7, what is -3 - 13650?
-13653
In base 6, what is 1 + -5241?
-5240
In base 6, what is 55531 + -1?
55530
In base 16, what is -3 + 48?
45
In base 12, what is -2 + -33?
-35
In base 16, what is 10 - -5?
15
In base 8, what is -2 - -6?
4
In base 16, what is 0 + -2f?
-2f
In base 12, what is -1769 + 3?
-1766
In base 10, what is 1 + -29?
-28
In base 11, what is 0 - -a67?
a67
In base 9, what is -11 - -263?
252
In base 12, what is -223 - 66?
-289
In base 9, what is -44 - -5?
-38
In base 16, what is -18 + -66?
-7e
In base 14, what is -8c + 2?
-8a
In base 2, what is -1000111 + 0?
-1000111
In base 14, what is 3 + -25?
-22
In base 16, what is 0 + -15b?
-15b
In base 7, what is 1355 - -1?
1356
In base 2, what is 1101001 - -1001000?
10110001
In base 8, what is 10255 + -1?
10254
In base 7, what is -14 - 253?
-300
In base 2, what is -11 - -11100010?
11011111
In base 7, what is 211 - -13?
224
In base 15, what is -517 + 6?
-511
In base 14, what is -1b + 4?
-17
In base 11, what is 67 - -81?
138
In base 8, what is 1 - -2702?
2703
In base 14, what is 15c - -27?
185
In base 3, what is 2 + 1220100?
1220102
In base 2, what is -1011010 + 101?
-1010101
In base 8, what is 60 + 6?
66
In base 10, what is 5 + -343?
-338
In base 9, what is -2 - -20?
17
In base 9, what is 4 + 51?
55
In base 8, what is -4 + 127?
123
In base 6, what is -1 + -1032?
-1033
In base 6, what is 213 + -12?
201
In base 10, what is -1690 - -1?
-1689
In base 6, what is -2 - -1131?
1125
In base 7, what is -4 - 5?
-12
In base 11, what is 8 + 1644?
1651
In base 8, what is -2 + 7616?
7614
In base 2, what is 0 + 100010011110?
100010011110
In base 13, what is 4c - -4?
53
In base 8, what is 3 + -7?
-4
In base 10, what is -8 - 20?
-28
In base 2, what is 100 - 10110100?
-10110000
In base 7, what is -5 + -410?
-415
In base 15, what is -1d + -7?
-25
In base 3, what is 1001112 + 